
-13
Let g = -34 + 55. Let c = -4 + g. Suppose 4*z = c + 11. Let o(a) = a**3 - 7*a**2 - a + 5. Determine o(z).
-2
Let q(x) = x**2 - 68*x + 598. Let z be q(10). Let r(h) = h**2 - 15*h - 54. Determine r(z).
0
Let v(d) = -d**3 - 7*d**2 - 5*d - 9. Let m(y) = -2*y**2 - 2*y - 1. Let o be m(3). Let g = o - -23. Let f be (16/20)/(g/15). What is v(f)?
-15
Let i(b) = 11*b - 30. Suppose 101*y = 99*y - 3*t - 11, 3*t = -3*y - 9. What is i(y)?
-8
Let b(o) = -62*o**2 - o + 1. Let n be (-6 + 2/2)*1/(-5). Give b(n).
-62
Let d(z) be the first derivative of -z**3/3 + 13*z + 361. Let x be (3 - 0)*4/3. Suppose x*j - j = 0. Give d(j).
13
Let w(a) be the first derivative of a**4/4 + a**3/3 + 3*a**2/2 + a - 5877. What is w(0)?
1
Let j(t) = -23*t + 19*t + 0 + 1. Let l = -5405 + 5406. Calculate j(l).
-3
Let f(z) = 92*z - 572. Let m(k) = -355*k + 2288. Let n(b) = -11*f(b) - 3*m(b). Give n(11).
11
Let o be (18/8)/(-16 - (-3289)/208). Let p(d) = 2*d**3 + 22*d**2 - 14*d - 1. Calculate p(o).
-121
Let d(a) = 2*a + 3. Suppose 32*s = -5*s. Calculate d(s).
3
Let d be -4*((-21)/4)/3 - 0. Let o = d + -4. Let i(w) = 9*w**3 + 2*w - o*w**2 + 0*w + 16*w**3 - 24*w**3. What is i(2)?
0
Let z(k) = k - 53. Let a(d) = -d**3 + 3*d**2 + 49*d - 13. Let j be a(-6). Calculate z(j).
-36
Let n(r) be the third derivative of r**5/60 + 25*r**4/12 + 130*r**3/3 + 1046*r**2 + 2*r. Give n(-6).
-4
Let v(k) = -184 + 18 + 2*k + 120. Determine v(-6).
-58
Let v be 4 - (-7 + (-2 - -5)). Suppose -15*s + v*s = -56. Suppose 3*n + 10 + s = 0. Let x(h) = h**3 + 7*h**2 + 4*h - 1. What is x(n)?
11
Let k(a) = -4163*a + 2087*a - 25 + 2090*a. What is k(2)?
3
Let v(i) = -i**2 + 13*i - 29. Let a be v(10). Let x(k) = 2*k - 4. Let q(m) = -m - 2. Let f(j) = a*q(j) + x(j). Calculate f(8).
2
Let n(l) be the third derivative of l**5/60 + 7*l**4/24 + l**3/2 - 10*l**2. Suppose 5*c = 8*c + 60. Let r = c + 14. What is n(r)?
-3
Suppose o - 5*y - 460 = 0, -2*o + 5*y + 1170 = 255. Let l = 452 - o. Let g(p) = -p**3 - p**2 + 3*p - 3. Calculate g(l).
6
Let o = 19521 + -19520. Let d(a) be the first derivative of -a**3/3 + 5. Give d(o).
-1
Let x(n) = -206*n - 65. Let u(w) = 37*w + 13. Let r(y) = -11*u(y) - 2*x(y). Determine r(-6).
-43
Let t = 7023 - 7023. Let s(n) = -21*n**2 + n - 4. Determine s(t).
-4
Let h(x) = 2*x**2 - 2*x + 6. Let k be h(3). Let n be 6 + ((-8)/(-2) - k/3). Suppose -n*d - l = 2*l + 9, -4*d - 14 = -2*l. Let f(i) = -2*i. What is f(d)?
6
Let s(r) be the second derivative of -r**4/12 + r**3/2 + 33*r**2 - 189*r. Let c be s(10). Let i(n) = -n - 9. What is i(c)?
-5
Let t(p) be the third derivative of -p**5/15 + 35*p**4/24 + 2*p**3 - 39*p**2 - 15. Determine t(9).
3
Let l(y) = 5*y**2 + 17*y - 9. Let h(d) = -12*d**2 - 35*d + 20. Let o(t) = -3*h(t) - 7*l(t). Calculate o(6).
-45
Suppose 0 = 5*c - x - 29, -x + 3*x + 3 = -c. Suppose -c*i + 8 = -7. Suppose b + l = -i + 10, -l = -3*b + 1. Let h(u) = 2*u**2 - 2*u + 3. Give h(b).
7
Let p(z) = 55 - 10*z - 7 - 7*z + 47 - 7. Calculate p(9).
-65
Suppose -y - 2*y - 27 = 0. Let o(k) = 55 - 31*k - 7*k - 72 + 37*k. Calculate o(y).
-8
Let r(p) be the second derivative of -5*p**3/3 + 53*p**2 - 2734*p. What is r(11)?
-4
Let s = 104 + -102. Let j(u) be the first derivative of -5*u + 0*u**3 - 3 - u**2 + u**3 + 3*u - 2. Calculate j(s).
6
Let t(j) = -9*j + 43*j**2 + 2*j**3 - 122*j**2 + 7*j + 46*j**2 - 14 + 49*j**2. Calculate t(-8).
2
Let j(q) be the second derivative of q**5/20 + 5*q**3/3 + 9*q**2/2 + 2870*q. Calculate j(-1).
-2
Let u(o) = -o**2 - 1. Let b(l) = -4*l**2 + 3*l - 16. Let h(k) = b(k) - 5*u(k). Suppose -13 - 8 = 3*i, 4*g - 3*i - 1 = 0. Determine h(g).
-1
Let d(o) = -5*o + 3. Let q(m) = -m**3 - 24*m**2 - m - 20. Let n be q(-24). Suppose -4*b + h + 11 = 1, 4*b = -n*h. What is d(b)?
-7
Let v(c) be the third derivative of -c**6/120 + c**5/15 - c**4/8 + c**3/3 - c**2. Suppose -61191*a + 61184*a + 28 = 0. Calculate v(a).
-10
Let p = -3 - -6. Suppose 4*f - 14 - 42 = 0. Let l(y) = -y - 1. Let z(x) = 6*x + 9. Let u(a) = f*l(a) + 2*z(a). Calculate u(p).
-2
Let x(i) be the third derivative of -i**5/30 + 5*i**4/12 + 11*i**3/6 - 40*i**2 - 21. Determine x(5).
11
Let h(z) = -z**3 + 27*z**2 - 126*z - 9. Let l be h(6). Let k(m) = -10*m - 72. Determine k(l).
18
Let z(o) be the third derivative of o**6/60 - 61*o**5/60 + 31*o**4/24 - 31*o**3/3 - 8914*o**2. What is z(30)?
-32
Let f(h) = -h**3 + 12*h**2 + 5*h - 12. Let m(q) = q**3 - 11*q**2 - 6*q + 12. Let z = -165 + 160. Let r(t) = z*m(t) - 4*f(t). Let x = 15 - 7. Determine r(x).
4
Let n(v) = 2*v**2 - 14. Let i(y) = 5*y**2 + 4*y - 30. Let u(z) = 3*i(z) - 7*n(z). Let g = 62 - 71. Calculate u(g).
-19
Let p be 6/(-8)*-3*112/63. Let s(j) = -9*j + 40. What is s(p)?
4
Let h be (4 - 2)*-45*(-7)/(-70). Let m(y) = -y**3 - 8*y**2 + 11*y - 15. Give m(h).
-33
Let v = -5 + -35. Suppose t = 1, -3*p + p = -2*t - 78. Let m = v + p. Let j(c) = c**3 - c**2 + c - 6. Give j(m).
-6
Let z(k) = k**3 + 14*k**2 + 13*k + 3. Let l = 202 - 354. Let s = l - -139. Determine z(s).
3
Let l(x) be the second derivative of 0*x**2 + 2/3*x**3 - 1/20*x**5 + 1/12*x**4 - 11*x - 1. Determine l(-3).
24
Suppose 5*z = -4*h - 4, 8 = -412*h + 410*h - 4*z. Let g(m) = -5*m**2 - 5. Let k(o) = o**2 + 1. Let s(v) = -2*g(v) - 11*k(v). What is s(h)?
-17
Let t be -8 - -8 - (-1 - 15). Suppose -t = v + 3*v. Let h(i) = 2*i - 20*i + 3*i + 5*i + 3*i - 5. Give h(v).
23
Let q(y) = 9*y - 24. Let p(s) = -31*s + 74. Let i(n) = 2*p(n) + 7*q(n). Calculate i(21).
1
Let h(c) = 10*c + 8*c - 15*c + 9*c - 63. Calculate h(0).
-63
Let c(w) be the third derivative of w**7/5040 - w**6/720 + 4*w**5/15 - w**3/3 - 64*w**2 - 2. Let z(x) be the third derivative of c(x). Determine z(6).
5
Let h(f) = -22*f + 1. Let c be -1 + 0/(3 + -7) - -2. Let g be (-1 + c)*(-1)/(-2) - -2. Let y be 48/24*g/4. What is h(y)?
-21
Let q(p) = p**2 + 1. Let o(w) = 11*w - 62*w + 54*w. Suppose -7*z + 6*z - 1 = 0. Let f(c) = z*o(c) - q(c). What is f(-4)?
-5
Let r = 182 - 159. Let b(k) = -24*k**2 - 42 + 8*k + 34 + r*k**2. Give b(7).
-1
Let c(y) = -2*y + 3*y + 18 + 3. Suppose -11*n + 7*n - g = 83, 5*g = -3*n - 75. Let d be c(n). Let a(x) = -4*x. Give a(d).
-4
Let j(y) = y + 14. Let q(i) = 16*i**2 - 80*i - 4. Let l be q(5). Let d be -12 + -1 + l - -3. Calculate j(d).
0
Let y(f) be the third derivative of -1/60*f**5 - 5/24*f**4 - 1/2*f**3 - 35*f**2 + 0 + 0*f. Suppose 0 = 5*p + 7 + 13. Calculate y(p).
1
Let d be 10/(-6)*(-96)/80. Let h(w) = -53*w**2 - d*w - 57*w**2 - 3 + w + 111*w**2. Give h(3).
3
Let k(m) = -m**2 + 35*m + 8. Let n be k(35). Let u be n - (8 + -10 + 5). Let j(b) = -b + 1. What is j(u)?
-4
Let j(n) = -11*n + 428526991 - 428526991. Let i = 5 + -7. Calculate j(i).
22
Let z(j) = j**3 + 19*j**2 + 21*j + 49. Let f(p) = 95*p - 208. Let o be f(2). Calculate z(o).
-5
Let a(k) = 11*k**2 - 3*k + 12. Suppose -22*c + 69 = 15*c - 14*c. Determine a(c).
102
Let l(p) = 26*p - p**3 - 25*p**2 + 0*p**3 + 301 - 271. Determine l(-26).
30
Let c(q) be the first derivative of 1/2*q**2 - 19*q + 85. Determine c(10).
-9
Let u be (615/10)/41 - 174/(-12). Let m(d) = -d**3 + 15*d**2 + 11*d + 67. Determine m(u).
-13
Let p(a) = 40*a**3 - 2*a**2 + 1. Suppose 85*g + 20 = 105*g. Determine p(g).
39
Let a = 3825 - 3823. Let j(n) = 2*n**3 + 6*n**2 - 3*n + 1. Let w(y) = 3*y**3 + 11*y**2 - 6*y + 2. Let h(c) = 7*j(c) - 4*w(c). Determine h(a).
13
Suppose -149*k + 90 = -144*k. Suppose -k*m - 35 = -89. Let b(d) = -175 - d + 175 + m*d**2 - d**3. Calculate b(3).
-3
Suppose 15 = -3*j - 3*w, 22 = -2*j - 3*w + 8. Let x(z) = z - 4. Let a be x(10). Let y(o) = 9 - 2 - 10*o**2 + 2*o - a. What is y(j)?
-11
Let b(c) be the first derivative of c**3/3 + c**2/2 - 3*c + 5. Suppose 0 = 613*s - 225*s + 776. What is b(s)?
-1
Let z(c) be the second derivative of -c**5/20 + c**4/3 + c**3/3 - c**2 - 3*c + 9. Determine z(4).
6
Let k(q) = 31940 + 7*q - 63850 + 31928. Determine k(-4).
-10
Let i(u) = -4*u - 21. Let x = 5786 + -5793. Give i(x).
7
Suppose 243 - 58 = 5*d. Let s be d/7 - 4/14. Let k(u) = -5*u**2 + u**3 + 0*u - 2*u + 8 - 11. Calculate k(s).
-13
Let p(a) = a - 1. Let g be p(5). Suppose 7 = 7*f - 28. Let h(v) = 6*v + 14*v**3 - f*v**3 + v**3 - 6 - 5*v**2 - 9*v**3. Calculate h(g).
2
Let h(l) = 3*l + 23. Let s(i) = 7. Let c(b) = h(b) - 3*s(b). What is c(-8)?
-22
Suppose 0 = -4*k - k. Suppose 2*n + n - 5*i = -2